3650*p - 61689. What is x(17)?
-217
Let z(s) = 757*s + 25622. Determine z(-33).
641
Let j(f) = -58*f + 3583. What is j(70)?
-477
Let g(t) = -17*t**3 + 195*t**2 + 55*t + 405. What is g(12)?
-231
Let d(k) = -33*k**2 + 5787*k + 61195. Calculate d(-10).
25
Let h(l) = l**2 + 58*l + 1792. Determine h(-92).
4920
Let t(c) = c**2 - 32*c + 133. Calculate t(4).
21
Let d(h) = -534*h**3 - 76*h**2 + 85*h - 9. Determine d(1).
-534
Let m(j) = -1499*j - 79635. Calculate m(-53).
-188
Let c(h) = -46515*h + 558180. Give c(12).
0
Let w(u) = 8*u**3 - 9319*u**2 + 18663*u - 51. Give w(2).
63
Let a(g) = 1093*g - 4027. Determine a(6).
2531
Let h(k) = -10*k**2 + 880*k + 2799. What is h(90)?
999
Let c(h) = -h**3 - 22*h**2 - 267*h - 635. What is c(0)?
-635
Let h(g) = 7272*g - 50808. Give h(7).
96
Let p(n) = 688*n + 10864. What is p(-15)?
544
Let i(j) = j**3 - 75*j**2 - 3823*j - 3125. What is i(110)?
-155
Let s(q) = 10235*q + 40927. What is s(-4)?
-13
Let b(h) = -63*h**3 - 12*h**2 + 11*h - 18. Determine b(1).
-82
Let c(t) = 113*t**2 - 108*t - 212. Calculate c(-2).
456
Let k(x) = 5*x**3 + 103*x**2 + 329*x + 24. Calculate k(-17).
-367
Let n(r) = -6*r**3 - 31*r**2 - 156*r - 790. What is n(-5)?
-35
Let d(f) = -f**3 - 10*f**2 + 110*f + 554. What is d(9)?
5
Let y(a) = 139*a**2 - 2379*a + 258. Give y(17).
-14
Let k(g) = -101*g**2 + 22547*g - 67631. Calculate k(3).
-899
Let i(l) = -l**3 - 218*l**2 + 3007*l + 699639. Determine i(-217).
31
Let f(k) = -1681*k + 43717. Give f(26).
11
Let k(u) = 2*u**3 + 13*u**2 - 23*u - 86. Calculate k(0).
-86
Let o(r) = -2*r**3 - 111*r**2 - 1159*r - 70. What is o(-11)?
1910
Let k(a) = 343*a - 21841. What is k(67)?
1140
Let k(o) = 12*o - 138. Calculate k(-30).
-498
Let v(p) = -111*p**2 + 3416*p + 762. Give v(31).
-13
Let l(b) = 13*b - 6. What is l(-10)?
-136
Let c(d) = -8677*d + 1466417. Determine c(169).
4
Let j(n) = 2272*n**3 + 8*n - 8. Calculate j(1).
2272
Let q(h) = 94*h**2 - 7614*h + 386. Determine q(81).
386
Let o(j) = -j**3 - 1757*j**2 + 70037*j + 147. Calculate o(39).
-126
Let o(t) = 2*t**3 - 59*t**2 - 218*t + 8458. Calculate o(28).
2
Let b(w) = -7699*w - 146284. Determine b(-19).
-3
Let z(d) = -d**3 + 23*d**2 + 33*d - 1047. Give z(26).
-2217
Let y(i) = -1881*i - 18757. Determine y(-10).
53
Let g(t) = -t**3 - 9231*t**2 - 73798*t - 90. Give g(-8).
22
Let m(b) = 965*b + 88895. Determine m(-92).
115
Let u(b) = -3823*b + 107139. What is u(28)?
95
Let t(c) = -34*c - 634. Determine t(-11).
-260
Let w(v) = 225*v - 1829. Calculate w(8).
-29
Let o(z) = -z**2 - 129*z + 162317. Calculate o(-472).
421
Let w(v) = 2*v**2 - 161190*v + 2417392. Determine w(15).
-8
Let b(x) = x**3 - 52*x**2 - 692*x - 59. What is b(-11)?
-70
Let x(m) = 2*m**2 - 842*m + 71506. Give x(303).
-2
Let o(m) = 18*m**2 + 149*m - 280. Determine o(2).
90
Let t(m) = -m**3 + 57*m**2 + 521*m + 47239. What is t(73)?
8
Let y(l) = 2*l**3 - 95*l**2 + 2195*l - 100935. Give y(47).
21
Let p(c) = c**3 - 20*c**2 - 181*c - 3589. Give p(30).
-19
Let g(a) = -a**3 - 2831*a**2 - 19769*a - 14. Calculate g(-7).
-7
Let m(s) = s**2 - 857*s + 27262. Give m(33).
70
Let i(v) = -2*v**2 + 2297*v + 15656800. Determine i(-2282).
-2
Let p(b) = 3*b**3 - 96*b**2 - 201*b - 90. Give p(34).
12
Let m(a) = 98152*a + 1275977. Determine m(-13).
1
Let j(h) = h**3 - 20*h**2 + 4988*h - 110737. Calculate j(22).
-33
Let j(a) = 10*a**3 - 1119*a**2 - 8460*a + 1308. Calculate j(119).
-1
Let c(l) = -18*l**2 - 603*l + 114. Determine c(-33).
411
Let a(b) = 8*b**2 + 130*b + 94. Determine a(-15).
-56
Let g(s) = -2*s**2 + 227*s - 2129. Determine g(101).
396
Let i(j) = 12*j**3 + 81*j**2 + 10146*j + 60556. Determine i(-6).
4
Let l(t) = -t**3 - 3*t**2 + 41*t + 1173. What is l(0)?
1173
Let c(z) = -4213*z - 1019524. What is c(-242)?
22
Let w(m) = m**2 - 155*m - 3516. Calculate w(-20).
-16
Let v(u) = 10*u**3 + u**2 + 10*u + 128. What is v(0)?
128
Let d(i) = -i**3 + 1013*i**2 - 21801*i - 22. Give d(22).
0
Let b(y) = 6*y**3 - 57*y**2 - 3218*y + 29157. Determine b(9).
-48
Let u(v) = -12*v - 189. Give u(-61).
543
Let c(n) = -2*n**3 - 4*n**2 - 27*n - 43. What is c(8)?
-1539
Let b(i) = -51*i**3 + 209*i**2 + 448*i + 34. Determine b(-2).
382
Let c(t) = 5020*t + 1094353. Determine c(-218).
-7
Let d(a) = -383*a**2 + 3*a + 3. Give d(-1).
-383
Let l(w) = -3*w**3 + 61*w - 232. Calculate l(-8).
816
Let l(n) = 45*n**2 + 369*n - 1479. What is l(4)?
717
Let k(h) = 7293*h + 780314. What is k(-107)?
-37
Let t(d) = 552*d + 17258. Give t(-33).
-958
Let g(y) = 2484*y + 754. Give g(0).
754
Let z(b) = -b**3 - 31*b**2 + 79*b + 251. Calculate z(-33).
-178
Let y(p) = 2740*p + 456. Give y(0).
456
Let f(x) = x**3 + 24*x**2 - 16*x - 155. Determine f(-25).
-380
Let f(x) = -4809*x + 29005. What is f(6)?
151
Let i(h) = -1093*h + 37149. What is i(34)?
-13
Let x(f) = f**3 - 23*f**2 + 56*f - 1233. Determine x(18).
-1845
Let o(p) = -8184*p + 2749793. Calculate o(336).
-31
Let b(y) = 2*y**2 + 195*y - 25137. Calculate b(-171).
0
Let h(r) = -2*r**3 - r**2 - 14*r + 19. What is h(2)?
-29
Let p(u) = -149*u**2 + 473*u - 88. Calculate p(6).
-2614
Let i(s) = s**2 - 506*s - 5188. Give i(-10).
-28
Let v(y) = 159852*y - 959209. What is v(6)?
-97
Let x(y) = y**3 - 198*y**2 - 496*y + 19207. Determine x(200).
7
Let r(j) = j**2 - 4624*j + 46124. Give r(10).
-16
Let z(v) = 4*v**2 - 529*v + 447. What is z(132)?
315
Let q(m) = -14*m**2 + m - 10. Determine q(4).
-230
Let a(g) = -g**2 + 7963*g - 55705. Calculate a(7).
-13
Let k(i) = -i**3 - 28*i**2 - 1373*i + 15333. Calculate k(9).
-21
Let c(n) = -37997*n - 493963. Determine c(-13).
-2
Let c(t) = -11*t**3 - 1265*t**2 - 200*t - 23009. Give c(-115).
-9
Let t(p) = 595*p + 2453. Calculate t(-4).
73
Let n(b) = -425431*b + 1276327. Calculate n(3).
34
Let h(b) = -4622*b + 346478. Calculate h(75).
-172
Let o(b) = -387*b**2 + 31694*b + 3195. What is o(82)?
-85
Let i(n) = -66*n**3 + 17*n**2 + 4103*n - 118. Give i(8).
2
Let s(d) = -14*d**2 + 58*d + 644. Determine s(9).
32
Let b(g) = -g**2 + 103*g + 17099. Calculate b(192).
11
Let w(y) = y**3 - 27*y**2 - 514*y + 829. What is w(-14)?
-11
Let z(y) = -y**3 - 19*y**2 - 283*y - 6816. Determine z(-21).
9
Let o(n) = -5617*n + 26002. Calculate o(5).
-2083
Let w(y) = -7122*y - 135339. What is w(-19)?
-21
Let d(a) = -a**3 + 19*a**2 - 276*a + 4004. Determine d(14).
1120
Let g(j) = j**3 + 43*j**2 + 125*j - 1177. What is g(-39)?
32
Let u(o) = -2319*o**3 + 6957*o**2 - 1111*o + 3346. Calculate u(3).
13
Let p(k) = 58*k**2 + 620*k - 1856. Give p(3).
526
Let z(h) = -6*h**2 - 153*h - 1082. Calculate z(-17).
-215
Let p(t) = -2*t**2 + 9393*t + 141346. What is p(-15)?
1
Let a(m) = 304*m**2 + 162943*m - 529. Calculate a(-536).
7
Let c(j) = -602*j**2 + 99385*j - 9068. Give c(165).
7
Let h(v) = -2680*v - 23504. Determine h(-9).
616
Let r(w) = 377*w + 56309. What is r(-154)?
-1749
Let z(f) = 5*f**3 + 1120*f**2 + 1115*f + 118. Calculate z(-223).
118
Let u(a) = -165*a + 5699. Give u(-5).
6524
Let x(r) = 45295*r + 1132382. Calculate x(-25).
7
Let z(t) = 128*t**2 + 29311*t + 8. Calculate z(-229).
237
Let o(z) = 32*z**2 + 745*z + 144. What is o(-23)?
-63
Let k(p) = -4*p**2 - 975*p - 5706. Determine k(-6).
0
Let w(n) = 7998*n - 31953. Give w(4).
39
Let x(y) = 28*y**2 - 531*y + 463. What is x(18)?
-23
Let o(x) = 3*x**3 + 284*x**2 - 6726*x - 222249. What is o(-109)?
2
Let l(w) = w**3 + 45*w**2 + 74*w - 793. Calculate l(-5).
-163
Let a(o) = 3105*o**3 + 5*o**2 - 132*o - 132. Give a(-1).
-3100
Let j(i) = 17*i**3 - 2*i**2 + 1224*i - 1222. Determine j(1).
17
Let x(b) = 13*b**3 + 54*b**2 - 62*b + 9. What is x(1)?
14
Let d(x) = -3*x**2 - 494*x - 19149. What is d(-63)?
66
Let m(s) = 10286*s + 246830. Give m(-24).
-34
Let m(r) = 228105*r - 2052938. Give m(9).
7
Let y(i) = 151594*i - 303193. Give y(2).
-5
Let v(b) = -3*b**2 - 1662*b + 11896. Calculate v(-561).
115
Let a(t) = -40*t - 6658. Determine a(-159).
-298
Let y(x) = 3575*x + 225243. Determine y(-63).
18
Let f(y) = 720*y + 66296. Determine f(-92).
56
Let z(g) = -6*g**3 - 33*g**2 - 10*g + 45. Determine z(-8).
1085
Let u(h) = 7*h**2 - 52948*h + 105899. Give u(2).
31
Let s(a) = 10*a**2 + 4458*a + 13364. What is s(-3)?
80
Let d(g) = 10*g**2 - 23515*g + 23515. What is d(1)?
10
Let t(d) = 2176*d - 1678. What is t(1)?
498
Let b(a) = -5249*a - 4661088. Give b(-888).
24
Let f(n) = 35*n**3 - n**2 + 441*n -